rime factors of 1339.
13, 103
List the prime factors of 263.
263
List the prime factors of 3216.
2, 3, 67
List the prime factors of 63269.
151, 419
What are the prime factors of 2999?
2999
List the prime factors of 108226.
2, 53, 1021
List the prime factors of 4538.
2, 2269
List the prime factors of 18804.
2, 3, 1567
What are the prime factors of 1614?
2, 3, 269
What are the prime factors of 2104?
2, 263
What are the prime factors of 1474?
2, 11, 67
What are the prime factors of 100357?
100357
What are the prime factors of 482?
2, 241
List the prime factors of 308.
2, 7, 11
What are the prime factors of 90990?
2, 3, 5, 337
What are the prime factors of 1072?
2, 67
List the prime factors of 22015.
5, 7, 17, 37
List the prime factors of 26019.
3, 7, 59
List the prime factors of 5997.
3, 1999
What are the prime factors of 756?
2, 3, 7
What are the prime factors of 28171?
11, 13, 197
What are the prime factors of 1988?
2, 7, 71
What are the prime factors of 11644?
2, 41, 71
List the prime factors of 2115.
3, 5, 47
List the prime factors of 50402.
2, 11, 29, 79
What are the prime factors of 781?
11, 71
What are the prime factors of 9104?
2, 569
List the prime factors of 360.
2, 3, 5
What are the prime factors of 22621?
22621
List the prime factors of 13638.
2, 3, 2273
List the prime factors of 19113.
3, 23, 277
List the prime factors of 99654.
2, 3, 17, 977
List the prime factors of 3188.
2, 797
List the prime factors of 110060.
2, 5, 5503
List the prime factors of 18716.
2, 4679
What are the prime factors of 2381?
2381
What are the prime factors of 115731?
3, 7, 11, 167
What are the prime factors of 1092?
2, 3, 7, 13
What are the prime factors of 155072?
2, 2423
List the prime factors of 57874.
2, 19, 1523
List the prime factors of 167.
167
What are the prime factors of 81504?
2, 3, 283
What are the prime factors of 928?
2, 29
List the prime factors of 2892.
2, 3, 241
What are the prime factors of 5696?
2, 89
What are the prime factors of 7432?
2, 929
List the prime factors of 14099.
23, 613
List the prime factors of 5832.
2, 3
What are the prime factors of 1643?
31, 53
What are the prime factors of 173?
173
List the prime factors of 1194.
2, 3, 199
What are the prime factors of 77997?
3, 25999
What are the prime factors of 19221?
3, 43, 149
List the prime factors of 942.
2, 3, 157
What are the prime factors of 29800?
2, 5, 149
What are the prime factors of 1117?
1117
List the prime factors of 83759.
13, 17, 379
What are the prime factors of 24705?
3, 5, 61
List the prime factors of 2085.
3, 5, 139
What are the prime factors of 3054?
2, 3, 509
What are the prime factors of 2847?
3, 13, 73
List the prime factors of 955.
5, 191
What are the prime factors of 10072?
2, 1259
What are the prime factors of 26648?
2, 3331
What are the prime factors of 1956?
2, 3, 163
List the prime factors of 1152.
2, 3
List the prime factors of 949.
13, 73
What are the prime factors of 5207?
41, 127
List the prime factors of 5848.
2, 17, 43
List the prime factors of 13488.
2, 3, 281
What are the prime factors of 3409?
7, 487
What are the prime factors of 1283?
1283
What are the prime factors of 112327?
112327
List the prime factors of 15443.
15443
List the prime factors of 499.
499
List the prime factors of 29354.
2, 13, 1129
List the prime factors of 17180.
2, 5, 859
What are the prime factors of 875?
5, 7
What are the prime factors of 51821?
7, 11, 673
What are the prime factors of 122771?
11, 11161
What are the prime factors of 4293?
3, 53
What are the prime factors of 1053?
3, 13
What are the prime factors of 38338?
2, 29, 661
What are the prime factors of 933?
3, 311
What are the prime factors of 694?
2, 347
List the prime factors of 36368.
2, 2273
List the prime factors of 336.
2, 3, 7
What are the prime factors of 11659?
89, 131
List the prime factors of 32069.
32069
What are the prime factors of 2883?
3, 31
What are the prime factors of 508?
2, 127
List the prime factors of 1271.
31, 41
What are the prime factors of 33918?
2, 3, 5653
What are the prime factors of 30596?
2, 7649
List the prime factors of 6507.
3, 241
List the prime factors of 3594.
2, 3, 599
List the prime factors of 71.
71
List the prime factors of 533.
13, 41
What are the prime factors of 47525?
5, 1901
What are the prime factors of 505?
5, 101
What are the prime factors of 5401?
11, 491
List the prime factors of 1507.
11, 137
What are the prime factors of 6958?
2, 7, 71
What are the prime factors of 19443?
3, 6481
What are the prime factors of 1682?
2, 29
List the prime factors of 62211.
3, 89, 233
What are the prime factors of 1336?
2, 167
List the prime factors of 10142.
2, 11, 461
List the prime factors of 922.
2, 461
What are the prime factors of 730?
2, 5, 73
List the prime factors of 123466.
2, 7, 8819
List the prime factors of 18138.
2, 3, 3023
List the prime factors of 356.
2, 89
What are the prime factors of 49415?
5, 9883
List the prime factors of 31495.
5, 6299
What are the prime factors of 1068?
2, 3, 89
What are the prime factors of 11244?
2, 3, 937
List the prime factors of 41278.
2, 20639
List the prime factors of 7849.
47, 167
List the prime factors of 1341.
3, 149
List the prime factors of 680.
2, 5, 17
What are the prime factors of 62001?
3, 83
List the prime factors of 65122.
2, 32561
List the prime factors of 20126.
2, 29, 347
What are the prime factors of 25896?
2, 3, 13, 83
What are the prime factors of 11324?
2, 19, 149
List the prime factors of 8577.
3, 953
List the prime factors of 3580.
2, 5, 179
List the prime factors of 36533.
7, 17, 307
What are the prime factors of 120455?
5, 24091
What are the prime factors of 295?
5, 59
What are the prime factors of 30012?
2, 3, 41, 61
List the prime factors of 5931.
3, 659
List the prime factors of 493.
17, 29
What are the prime factors of 6943?
53, 131
List the prime factors of 1173.
3, 17, 23
What are the prime factors of 1283?
1283
List the prime factors of 1848.
2, 3, 7, 11
List the prime factors of 242.
2, 11
List the prime factors of 2344.
2, 293
List the prime factors of 24.
2, 3
What are the prime factors of 79500?
2, 3, 5, 53
List the prime factors of 24650.
2, 5, 17, 29
What are the prime factors of 935?
5, 11, 17
List the prime factors of 30717.
3, 3413
List the prime factors of 2486.
2, 11, 113
What are the prime factors of 39614?
2, 29, 683
List the prime factors of 111.
3, 37
List the prime factors of 14266.
2, 7, 1019
What are the prime factors of 5424?
2, 3, 113
List the prime factors of 28435.
5, 11, 47
What are the prime factors of 3672?
2, 3, 17
List the prime factors of 294.
2, 3, 7
List the prime factors of 74612.
2, 23, 811
List the prime factors of 7236.
2, 3, 67
What are the prime factors of 1604?
2, 401
What are the prime factors of 3417?
3, 17, 67
What are the prime factors of 3430?
2, 5, 7
List the prime factors of 36427.
73, 499
List the prime factors of 2135.
5, 7, 61
List the prime factors of 3814.
2, 1907
What are the prime factors of 98920?
2, 5, 2473
List the prime factors of 42383.
11, 3853
List the prime factors of 19803.
3, 7, 23, 41
List the prime factors of 19598.
2, 41, 239
What are the prime factors of 955?
5, 191
What are the prime factors of 2770?
2, 5, 277
What are the prime factors of 453?
3, 151
What are the prime factors of 4505?
5, 17, 53
What are the prime factors of 1009?
1009
List the prime factors of 25778.
2, 12889
List the prime factors of 6550.
2, 5, 131
List the prime factors of 4656.
2, 3, 97
List the prime factors of 5130.
2, 3, 5, 19
What are the prime factors of 5022?
2, 3, 31
List the prime factors of 22748.
2, 11, 47
List the prime factors of 10864.
2, 7, 97
List the prime factors of 1728.
2, 3
List the prime factors of 31886.
2, 107, 149
List the prime factors of 14415.
3, 5, 31
What are the prime factors of 4117?
23, 179
List the prime factors of 423.
3, 47
What are the prime factors of 5594?
2, 2797
What are the prime factors of 14891?
14891
List the prime factors of 249.
3, 83
List the prime factors of 15508.
2, 3877
What are the prime factors of 4178?
2, 2089
What are the prime factors of 72?
2, 3
List the prime factors of 1494.
2, 3, 83
List the prime factors of 921.
3, 307
What are the prime factors of 53948?
2, 13487
What are the prime factors of 3535?
5, 